 the third derivative of -p**5/60 - 7*p**4/24 + 8*p**3 + 3005*p**2. Give y(-12).
-12
Let c(i) = -2*i**2 + 27*i - 10. Let p = 6277 - 6264. Calculate c(p).
3
Let u(i) = 83*i - 332. Let v be u(4). Let k(x) be the second derivative of 0*x**3 + 0*x**2 - 1/20*x**5 + 1/3*x**4 + v + 9*x. Give k(4).
0
Let q(x) = -5*x + 3. Let g(a) = -a**3 + a + 56. Let t be g(0). Suppose -22*s + 594 = -682. Suppose y = -t + s. Give q(y).
-7
Suppose t = 5*t - 8. Let w(z) = z**2 - 48*z + 54*z - 7*z**2 + 0*z**t + z**2 - 2. Determine w(2).
-10
Let w be ((-18)/(-15))/((-10)/(-25)). Let i be (-1)/((-3)/6*6/w). Let l(d) = 7*d**3 - 2*d**2 + d. Determine l(i).
6
Let q(b) = 5*b**2 - 5*b + 7. Let t(w) = -w**2 + 2*w - 6. Let n(r) = q(r) + 6*t(r). Give n(9).
-47
Let z(p) = -102*p. Let g(y) = y - 1. Let w(d) = -16*d + 8. Let f(h) = -8*g(h) - w(h). Let j(o) = -27*f(o) - 2*z(o). Give j(1).
-12
Let l(x) = -4*x**2 - 8*x + 21. Let m(v) = 20 - 10 - 2*v**2 + 64*v - 33*v - 35*v. Let i(k) = 2*l(k) - 5*m(k). Give i(-4).
8
Let a(g) = 7*g - 16. Let f be a(-36). Let z = 273 + f. Let v(u) = -u**2 + 8*u - 10. Calculate v(z).
5
Suppose 5*x + g - 7 = 5*g, x = 4*g - 5. Let v(b) = 4 - 10 - x + b. Determine v(-7).
-16
Let d(r) be the third derivative of r**6/120 + 2*r**5/15 - r**4/6 - 3*r**3 - 3954*r**2. Calculate d(-6).
78
Suppose -10 - 15 = 5*p. Let w be 2/p + (-17)/(-5). Let f(v) = 0*v**3 - v**w + 287*v - 4*v**2 - 286*v. Calculate f(-5).
20
Let r be 2136/(-10) - 2/5. Let d = 210 + r. Let h(b) = 2*b + 5 + 0*b - b. Determine h(d).
1
Let i(o) = 10*o - 35. Suppose -3*j + 13*h + 12 = 12*h, -24 = j - 5*h. Give i(j).
25
Suppose -254*c + 1952 = -842. Let j(l) = -l**2 + 12*l - 5. What is j(c)?
6
Let f(v) = -v**3 + 8*v**2 + v + 2. Let y(c) = -3*c**3 + 41*c**2 + 5*c + 10. Let n(g) = 4*f(g) - y(g). Calculate n(-7).
-93
Let q = -236 - -226. Let l(c) = c + 6. What is l(q)?
-4
Let g(x) be the third derivative of x**4/24 + 4*x**3/3 + x**2. Let t(v) = -27*v**3 - 6. Let b be t(-2). Let j = -216 + b. Calculate g(j).
2
Let v(x) = -744395 - 7*x**2 - 19*x + 744411 - x**3 - 7*x**2. Calculate v(-12).
-44
Let j(v) = 11*v**2 + v - 1. Let c(s) = s**3 + 6*s**2 + 4*s - 3. Let l be c(-3). Suppose -7*i + l = 5. Give j(i).
11
Let h(p) = p**2 + 6*p - 8. Suppose 55*d - 77*d = 132. Let k = -3 + d. Give h(k).
19
Suppose 232 = 60*r - 248. Let j(w) = 5 + 13*w - 5*w - w**2 + 0*w. Give j(r).
5
Let j(n) = n**3 + 8*n**2 + 4*n - 13. Let q(b) = -2*b**3 + 2*b**2 + 21*b - 40. Let p be q(2). Determine j(p).
35
Let j(o) = o**2 - 9*o + 10. Let m(s) = s**2 - 6*s + 12. Let a be m(6). Suppose 3*p - 6*p + a = 0. Suppose -13 = r - 4*d, 4*r - p*d - 15 = -r. Determine j(r).
-4
Let o(h) = -3*h - 1. Let u = -108 + 109. Let v(q) = -8*q - 14. Let z(k) = u*v(k) - 4*o(k). Calculate z(6).
14
Let j(g) = -376*g + 19 + 403*g - 23. Calculate j(-1).
-31
Suppose -3169 = 27*g + 1988. Let z = 198 + g. Let k(t) = -3*t + 7. Calculate k(z).
-14
Let h = -24 - -18. Let p(f) be the third derivative of -f**5/30 - 7*f**4/24 - f**3/3 + 1465*f**2 + 2*f. Give p(h).
-32
Let l(z) = z**2 + 20*z - 37. Let j be l(-23). Suppose -q + i = 5, 41*i - 39*i + j = -5*q. Let n(w) = w**3 + 8*w**2 + 7*w - 6. Give n(q).
24
Suppose -j + 10 + 0 = 0. Let o(g) = 4*g + 0*g + j - 3*g. Let i be (1 + 16/(-8))*0. Calculate o(i).
10
Let p(j) = -j**3 + j**2 + 2*j - 4. Let l be (-5 - -3)/(6/9). Let k be 1/(-4 - l) - -3. Suppose 0 = k*y - 0*y - 6. What is p(y)?
-16
Let m(h) be the first derivative of h**2/2 - h + 45. Let k = 24 - 28. Calculate m(k).
-5
Let o(p) = -2*p - 5. Suppose -13*s = -20*s + 2023. Let c = s - 289. What is o(c)?
-5
Let a be ((0 - 3) + 9)*20/(-15). Let h(p) = -2*p**2 - 19*p - 8. Give h(a).
16
Let d(h) = -h**3 + 5*h**2 - 5*h + 1. Let l(m) = -15 - 12*m - 5*m**2 - 14*m + 8*m - 216*m**3 + 217*m**3 - 13*m**2. Let t be l(19). What is d(t)?
-3
Let t be 172/24 - (-1 + 56/48). Let o(v) = -19*v**2 - 17*v + 8. Let h(d) = -7*d**2 - 6*d + 3. Let g(n) = 11*h(n) - 4*o(n). Give g(t).
-34
Suppose -5*l = 3*m - 126 - 12, 3*m - 3*l - 114 = 0. Let u(t) = -m*t**2 - 5*t**3 + 2*t + 6*t**3 + 70*t**2 - 34*t**2 + 7. Calculate u(3).
-5
Let p be 0 + (-8 - ((-5 - 0) + -1)). Let o(r) = 8*r**2 + 5*r - 3. Give o(p).
19
Let k(h) = -h**2 + 4*h + 3. Suppose -30 = 82*g - 87*g. Let d be 4/(-4)*(3 + -2). Let m = d + g. Determine k(m).
-2
Let a(h) be the second derivative of -h**4/12 + h**3/6 + 54*h**2 + 123*h. Let b(p) be the first derivative of a(p). Calculate b(4).
-7
Let c(v) be the second derivative of -v**3/2 - 31*v**2 + 261*v - 3. Calculate c(-25).
13
Let h(y) = y**3 + 6*y**2 + 7*y. Let x be h(-2). Let v = -7 - -11. Let a(s) = v*s**3 - x - 15*s**2 + 18*s**2 + 0 - 3*s**3. Give a(-2).
2
Suppose -70 = -4*r - r. Let n(l) = 13 + 156914*l**2 + 1 - 156913*l**2 + 182*l - 197*l. Calculate n(r).
0
Let j(i) = -10*i**2 + i - 2*i + 2*i**2 + 9*i**2. Let x be j(2). Let p be (4/6*4)/(x/3). Let u(w) = -w**3 + 4*w**2 - 2*w + 3. What is u(p)?
-5
Let j = -2402 + 2400. Let i(w) = w**2 + 2*w + 1. Determine i(j).
1
Let k = -10 + 17. Suppose -3*b + 2*s + 11 = -k, -3*b - 2*s = -18. Let c(y) = 13922*y**2 - 6965*y**2 - 6958*y**2 + 6 + 6*y. Calculate c(b).
6
Let c(n) = -580 - 3*n**2 + 5*n**2 - 573 - 9*n + 1120. Determine c(-4).
35
Let x = 11 + -6. Let n be 26/(-52)*0/(4/2). Let w(u) = x + 2 + n - 8 - 2*u. Calculate w(-3).
5
Let z(u) = -9*u + 3. Let t(h) = h**2 - 174*h + 1321. Let x be t(166). Determine z(x).
66
Let l(t) be the third derivative of -t**5/2 + 5*t**4/24 + 5*t**3/6 - 1503*t**2. What is l(-1)?
-30
Let u(s) be the second derivative of -s**5/20 + 5*s**4/6 + 25*s**3/6 + 17*s**2 - 123*s - 1. Give u(12).
46
Suppose 460 = f + 455. Suppose 5*l = 4*o - 37, 7 = -f*l - 18. Let j(h) = 4*h - 4. Give j(o).
8
Let j(z) = -30*z - z**3 - 31*z - 10 + 50*z + 13*z**2. Let g(w) = -3*w**3 - 14*w**2 - 13. Let t be g(-5). Calculate j(t).
2
Let b(a) = a**2 + 12*a - 13. Suppose 9*d - 4*d - 4*t = -61, 4*t = -d + 7. What is b(d)?
-40
Suppose -2*i = 5 + 5. Let t(p) be the third derivative of 206*p**2 - 1/8*p**4 + 0*p + 0 - 7/6*p**3. Determine t(i).
8
Let t(s) = 2*s**3 + 11*s**2 - 8*s - 15. Let g be (-197)/15 + 13 + (-62)/(-15). Suppose d - 5*y = -6, d - g*y + 54 = 48. Give t(d).
-3
Suppose 0 = -4*x + 16, 5*m + 5*x - 4 = 6. Suppose -5*j + 2*u - u = -15, -3*j = 4*u + 14. Let t(s) = 0 - 2 + 2*s**2 - 3*s**j. What is t(m)?
-6
Let f(z) be the second derivative of -z**5/20 + 2*z**4/3 - z**3 - 5*z**2/2 + 977*z + 19. Suppose 35 + 16 = 3*l. Let m = l - 10. Calculate f(m).
2
Let i(j) = -3*j - 16. Let x = -29 - -36. Let p(c) = 10*c + 50. Let d(z) = x*i(z) + 2*p(z). Let v = 4 - 4. Calculate d(v).
-12
Let r(q) be the first derivative of q**3/3 - 2*q - 220. Let c be (63/(-27))/((-2)/6). Suppose 0 = 4*z - 2*g + 14, z + 2*g = c*g - 8. Give r(z).
7
Let g(z) be the second derivative of z**6/120 - z**5/60 - z**4/24 + z**3/3 + 75*z**2/2 - 58*z. Let d(x) be the first derivative of g(x). What is d(0)?
2
Let u(v) = -575 - 3*v + 16*v + 555. Give u(2).
6
Let d(c) = -c**3 - 4*c**2 - c - 3. Let y(l) = -l**3 + 11*l**2 - 4. Let a be y(0). What is d(a)?
1
Let p be 5 - (2 - -2)/4. Suppose 0*h - p*h = 20. Let o(q) = -5 - 5*q + 4*q + 2 - 4. Calculate o(h).
-2
Let d(x) = x**3 - 5*x**2 + 6*x - 4. Let n = 108 - 171. Let j = -59 - n. Determine d(j).
4
Let p(z) = z**3 - 6*z**2 - 5*z - 4. Let k be p(7). Let v(x) = -9 + x - 4 - k + 16. What is v(7)?
0
Let y(p) = -p**2 + 3*p + 60. Let t(d) = -d - 12. Let g(w) = -5*t(w) - y(w). Give g(0).
0
Let t = -19 + 33. Let m(d) = -6*d - 21. Let z(c) = -10*c - 42. Let w(b) = -7*m(b) + 4*z(b). What is w(t)?
7
Let j(a) be the first derivative of a**3/3 - 14*a**2 + 102*a - 29. What is j(23)?
-13
Let t(r) = -15*r - 8. Let l(g) = 32*g + 14. Let i(a) = -3*l(a) - 5*t(a). Calculate i(1).
-23
Let z(m) = 7 + 2*m**2 - 4*m**2 + m**2 + 5*m - 2*m**2. Let y(g) = 8*g**2 - 14*g - 20. Let s(k) = -6*y(k) - 17*z(k). Suppose 7*u - 5 = 2*u. Calculate s(u).
3
Let f(n) be the second derivative of 0 + 1/6*n**3 - 1/2*n**2 - n + 7/20*n**5 - 1/12*n**4. Suppose 5*s + a = 4, -15*s = -12*s + 3*a. Determine f(s).
6
Let r(b) = 2*b**3 - 33*b**2 + 115*b + 2. Let v be r(5). Let p(u) = -15*u**3 + u**2 - u - 2. Determine p(v).
-120
Let b(x) be the first derivative of -47*x**2 - 13*x - 8150. Determine b(1).
-107
Let w(q) = -338 + q**2 - 369 + 13*q + 1002 + 22*q. What is w(-17)?
-11
Let a be -1*206/(-2) +